e 2) in base 14?
2
11 (base 6) to base 11
7
1022 (base 4) to base 8
112
What is -8 (base 14) in base 11?
-8
Convert -12 (base 6) to base 3.
-22
What is -6 (base 16) in base 9?
-6
What is 2 (base 16) in base 8?
2
Convert -b1 (base 14) to base 7.
-311
182 (base 10) to base 7
350
41 (base 13) to base 10
53
-1000110 (base 2) to base 10
-70
What is 6 (base 16) in base 5?
11
What is -2 (base 3) in base 6?
-2
Convert -6 (base 7) to base 9.
-6
6b (base 16) to base 10
107
Convert -10100 (base 2) to base 13.
-17
What is 123 (base 8) in base 13?
65
1b (base 13) to base 4
120
What is 134 (base 7) in base 5?
244
-5 (base 12) to base 9
-5
What is 1 (base 7) in base 12?
1
-21 (base 4) to base 16
-9
What is 37 (base 10) in base 8?
45
What is 24 (base 5) in base 2?
1110
-1 (base 12) to base 2
-1
Convert -245 (base 6) to base 10.
-101
-123 (base 4) to base 11
-25
What is 117 (base 9) in base 5?
342
What is 1 (base 3) in base 2?
1
What is 307 (base 9) in base 13?
163
Convert -101 (base 2) to base 6.
-5
Convert -11010 (base 2) to base 8.
-32
What is 0 (base 4) in base 14?
0
What is 25 (base 12) in base 10?
29
0 (base 5) to base 3
0
What is -10010 (base 3) in base 7?
-150
What is 1102 (base 6) in base 3?
100102
What is c (base 13) in base 4?
30
1100 (base 2) to base 5
22
Convert 513 (base 6) to base 9.
230
12 (base 5) to base 9
7
What is 16 (base 9) in base 10?
15
What is 1 (base 10) in base 11?
1
Convert 22 (base 16) to base 13.
28
-4 (base 6) to base 16
-4
What is 113 (base 4) in base 12?
1b
What is 52 (base 6) in base 8?
40
Convert 1 (base 10) to base 6.
1
What is -6 (base 16) in base 13?
-6
Convert -6d (base 14) to base 8.
-141
-9 (base 14) to base 3
-100
451 (base 6) to base 11
14a
What is -100010 (base 3) in base 10?
-246
Convert 10 (base 7) to base 2.
111
Convert 29 (base 15) to base 12.
33
Convert 26 (base 16) to base 9.
42
20 (base 3) to base 10
6
-45 (base 8) to base 15
-27
Convert -52 (base 14) to base 11.
-66
What is 14 (base 6) in base 16?
a
What is 3 (base 10) in base 13?
3
254 (base 12) to base 6
1344
Convert -2 (base 11) to base 8.
-2
Convert 5 (base 16) to base 13.
5
Convert 11 (base 9) to base 4.
22
1 (base 2) to base 12
1
What is 9d (base 14) in base 16?
8b
What is -2a (base 16) in base 12?
-36
-30 (base 6) to base 5
-33
Convert 211 (base 4) to base 11.
34
What is -1431 (base 5) in base 13?
-157
What is 1001 (base 2) in base 6?
13
8 (base 9) to base 11
8
What is -1 (base 6) in base 7?
-1
What is -11001111 (base 2) in base 14?
-10b
What is 1 (base 16) in base 11?
1
Convert -40 (base 7) to base 15.
-1d
-110001000 (base 2) to base 6
-1452
22 (base 4) to base 3
101
What is 3 (base 15) in base 5?
3
-8 (base 15) to base 10
-8
15 (base 8) to base 14
d
What is 27 (base 12) in base 4?
133
-8 (base 10) to base 5
-13
Convert 134 (base 5) to base 6.
112
-25 (base 14) to base 10
-33
Convert -65 (base 16) to base 12.
-85
What is -2002 (base 3) in base 6?
-132
What is 103 (base 6) in base 15?
29
200 (base 3) to base 10
18
-1 (base 14) to base 9
-1
49 (base 13) to base 4
331
Convert -50 (base 15) to base 11.
-69
2d (base 14) to base 13
32
-50 (base 6) to base 2
-11110
Convert 206 (base 12) to base 3.
101220
Convert 10010 (base 2) to base 5.
33
What is 1 (base 10) in base 9?
1
1 (base 10) to base 14
1
-18 (base 14) to base 9
-24
Convert 10 (base 5) to base 14.
5
What is -10e (base 15) in base 11?
-1a8
11 (base 2) to base 5
3
What is -171 (base 12) in base 2?
-11100101
-11 (base 2) to base 7
-3
Convert -1 (base 11) to base 5.
-1
What is 30 (base 9) in base 12?
23
What is -13 (base 5) in base 10?
-8
Convert -143 (base 5) to base 6.
-120
51 (base 6) to base 3
1011
37 (base 8) to base 11
29
What is 3 (base 10) in base 5?
3
What is 521 (base 7) in base 3?
100122
210 (base 4) to base 16
24
-1 (base 6) to base 10
-1
What is 2101 (base 3) in base 8?
100
Convert -46 (base 8) to base 13.
-2c
Convert 11 (base 5) to base 15.
6
What is 65 (base 16) in base 12?
85
What is 2023 (base 4) in base 15?
94
Convert 212 (base 4) to base 8.
46
What is 5 (base 14) in base 2?
101
What is 14 (base 11) in base 2?
1111
3 (base 7) to base 12
3
34 (base 6) to base 13
19
Convert -277 (base 8) to base 2.
-10111111
What is 41 (base 7) in base 10?
29
-24 (base 6) to base 11
-15
What is -266 (base 7) in base 2?
-10010010
Convert 95 (base 13) to base 4.
1322
2 (base 13) to base 10
2
224 (base 6) to base 14
64
What is 348 (base 9) in base 10?
287
32 (base 8) to base 5
101
Convert -3 (base 4) to base 10.
-3
b (base 12) to base 6
15
36 (base 8) to base 16
1e
Convert -12 (base 5) to base 16.
-7
What is 1221 (base 5) in base 3?
20220
Convert -4 (base 12) to base 14.
-4
What is -22 (base 12) in base 11?
-24
-202 (base 4) to base 5
-114
2 (base 9) to base 3
2
Convert 7 (base 16) to base 4.
13
41 (base 6) to base 10
25
What is 1 (base 5) in base 3?
1
What is 0 (base 16) in base 11?
0
-25 (base 6) to base 14
-13
533 (base 6) to base 11
173
What is 24 (base 12) in base 9?
31
What is -1 (base 9) in base 14?
-1
-2 (base 15) to base 14
-2
What is -2 (base 16) in base 2?
-10
What is -9 (base 16) in base 15?
-9
-10 (base 9) to base 4
-21
-3 (base 7) to base 12
-3
-5 (base 15) to base 5
-10
Convert 404 (base 6) to base 16.
94
3 (base 14) to base 16
3
What is -1 (base 12) in base 3?
-1
What is -4 (base 8) in base 12?
-4
What is -12 (base 14) in base 6?
-24
What is -20 (base 10) in base 12?
-18
Convert 0 (base 13) to base 3.
0
-e (base 15) to base 5
-24
What is 3 (base 13) in base 12?
3
13 (base 10) to base 8
15
Convert -4 (base 14) to base 13.
-4
What is 36 (base 11) in base 12?
33
What is 6 (base 14) in base 7?
6
What is 14 (base 14) in base 13?
15
What is 25 (base 14) in base 4?
201
-5 (base 9) to base 10
-5
Convert 3 (base 4) to base 5.
3
Convert 6 (base 9) to base 6.
10
Convert -16 (base 7) to base 9.
-14
Convert 20 (base 11) to base 10.
22
Convert 11 (base 14) to base 9.
16
What is -6b (base 12) in base 3?
-10002
-110100 (base 2) to base 13
-40
38 (base 14) to base 11
46
61 (base 10) to base 5
221
-23 (base 7) to base 4
-101
Convert 32 (base 6) to base 7.
26
What is 20 (base 3) in base 8?
6
3 (base 10) to base 7
3
-21 (base 12) to base 10
-25
-203 (base 7) to base 11
-92
Convert 100110 (base 2) to base 14.
2a
114 (base 6) to base 14
34
0 (base 3) to base 8
0
What is 10 (base 6) in base 10?
6
10 (base 11) to base 3
102
What is 7 (base 9) in base 4?
13
-1 (base 15) to base 3
-1
-3 (base 14) to base 2
-11
Convert -1020 (base 3) to base 6.
-53
What is 2 (base 14) in base 3?
2
What is -118 (base 13) in base 4?
-2332
Convert -247 (base 11) to base 15.
-148
-120 (base 15) to base 12
-193
Convert 14 (base 6) to base 12.
a
What is -d (base 16) in base 7?
-16
Convert 6 (base 7) to base 2.
110
What is 5 (base 10) in base 11?
5
15 (base 11) to base 6
24
Convert 1013 (base 4) to base 3.
2122
What is 21 (base 16) in base 10?
33
1 (base 11) to base 12
1
Convert -6 (base 10) to base 6.
-10
What is -7 (base 14) in base 13?
-7
12 (base 5) to base 10
7
Convert 10001 (base 2) to base 12.
15
-24 (base 5) to base 13
-11
Convert 19 (base 16) to base 4.
121
What is 2 (base 12) in base 13?
2
1 (base 11) to base 15
1
Convert -224 (base 5) to base 6.
-144
What is -13 (base 9) in base 14?
-c
What is -100111 (base 2) in base 4?
-213
Convert -37 (base 12) to base 16.
-2b
What is 211 (base 6) in base 9?
87
Convert -2 (base 11) to base 8.
-2
What is -4 (base 8) in base 2?
-100
Convert -1011 (base 2) to base 10.
-11
210 (base 9) to base 6
443
Convert 1212 (base 3) to base 7.
101
Convert 20 (base 7) to base 13.
11
7 (base 11) to base 14
7
3 (base 13) to base 5
3
Convert -48 (base 16) to base 4.
-1020
What is e (base 15) in base 9?
15
What is 112 (base 5) in base 14?
24
7 (base 15) to base 13
7
What is 1 (base 10) in base 3?
1
What is -164 (base 14) in base 3?
-101112
Convert 9 (base 10) to base 9.
10
What is -4 (base 9) in base 13?
-4
Convert 13 (base 5) to base 6.
12
What is 10100 (base 2) in base 16?
14
What is -37 (base 8) in base 5?
-111
1 (base 16) to base 9
1
What is -25 (base 8) in base 2?
-10101
1 (base 5) to base 15
1
What is 45 (base 13) in base 15?
3c
What is 20 (base 9) in base 16?
12
1011 (base 2) to base 11
10
44 (base 11) to base 14
36
10 (base 15) to base 11
14
3 (base 8) to base 11
3
Convert 4 (base 11) to base 13.
4
Con